ors of 2735.
5, 547
What are the prime factors of 1510?
2, 5, 151
List the prime factors of 789.
3, 263
What are the prime factors of 25619?
11, 17, 137
List the prime factors of 2757.
3, 919
List the prime factors of 79864.
2, 67, 149
List the prime factors of 2071.
19, 109
What are the prime factors of 6545?
5, 7, 11, 17
What are the prime factors of 60349?
29, 2081
What are the prime factors of 22775?
5, 911
What are the prime factors of 164839?
164839
List the prime factors of 2238.
2, 3, 373
List the prime factors of 2160.
2, 3, 5
List the prime factors of 13655.
5, 2731
List the prime factors of 1006.
2, 503
What are the prime factors of 1385?
5, 277
What are the prime factors of 76539?
3, 31, 823
What are the prime factors of 2587?
13, 199
What are the prime factors of 22632?
2, 3, 23, 41
What are the prime factors of 526?
2, 263
What are the prime factors of 348?
2, 3, 29
List the prime factors of 22343.
22343
List the prime factors of 988.
2, 13, 19
List the prime factors of 8341.
19, 439
List the prime factors of 16595.
5, 3319
What are the prime factors of 6777?
3, 251
List the prime factors of 1270.
2, 5, 127
What are the prime factors of 10853?
10853
List the prime factors of 534.
2, 3, 89
What are the prime factors of 1946?
2, 7, 139
List the prime factors of 19937.
19937
List the prime factors of 30822.
2, 3, 11, 467
List the prime factors of 25117.
25117
What are the prime factors of 3015?
3, 5, 67
List the prime factors of 1338.
2, 3, 223
List the prime factors of 1905.
3, 5, 127
List the prime factors of 50751.
3, 5639
What are the prime factors of 2450?
2, 5, 7
List the prime factors of 42483.
3, 7, 17
List the prime factors of 7084.
2, 7, 11, 23
List the prime factors of 1039.
1039
What are the prime factors of 774?
2, 3, 43
What are the prime factors of 7840?
2, 5, 7
List the prime factors of 1336.
2, 167
List the prime factors of 3846.
2, 3, 641
List the prime factors of 695.
5, 139
What are the prime factors of 15731?
15731
What are the prime factors of 2640?
2, 3, 5, 11
What are the prime factors of 3047?
11, 277
List the prime factors of 180.
2, 3, 5
List the prime factors of 5941.
13, 457
List the prime factors of 57896.
2, 7237
List the prime factors of 3645.
3, 5
List the prime factors of 10230.
2, 3, 5, 11, 31
List the prime factors of 7203.
3, 7
List the prime factors of 5036.
2, 1259
List the prime factors of 5176.
2, 647
List the prime factors of 9375.
3, 5
What are the prime factors of 17624?
2, 2203
List the prime factors of 21033.
3, 19, 41
What are the prime factors of 12886?
2, 17, 379
List the prime factors of 92348.
2, 23087
What are the prime factors of 4435?
5, 887
List the prime factors of 4209.
3, 23, 61
What are the prime factors of 956?
2, 239
What are the prime factors of 1589?
7, 227
What are the prime factors of 6534?
2, 3, 11
What are the prime factors of 67647?
3, 22549
List the prime factors of 6575.
5, 263
What are the prime factors of 57040?
2, 5, 23, 31
What are the prime factors of 81151?
7, 11593
What are the prime factors of 7311?
3, 2437
What are the prime factors of 3923?
3923
List the prime factors of 2852.
2, 23, 31
What are the prime factors of 2310?
2, 3, 5, 7, 11
List the prime factors of 4424.
2, 7, 79
What are the prime factors of 20724?
2, 3, 11, 157
List the prime factors of 1888.
2, 59
What are the prime factors of 2004?
2, 3, 167
List the prime factors of 1479.
3, 17, 29
List the prime factors of 1816.
2, 227
What are the prime factors of 1980?
2, 3, 5, 11
What are the prime factors of 1864?
2, 233
What are the prime factors of 1260?
2, 3, 5, 7
What are the prime factors of 2321?
11, 211
List the prime factors of 542.
2, 271
What are the prime factors of 72?
2, 3
List the prime factors of 3258.
2, 3, 181
List the prime factors of 3194.
2, 1597
List the prime factors of 2244.
2, 3, 11, 17
List the prime factors of 115052.
2, 7, 587
What are the prime factors of 5973?
3, 11, 181
List the prime factors of 1962.
2, 3, 109
What are the prime factors of 1724?
2, 431
List the prime factors of 114243.
3, 113, 337
List the prime factors of 2302.
2, 1151
What are the prime factors of 7729?
59, 131
What are the prime factors of 75580?
2, 5, 3779
What are the prime factors of 89062?
2, 44531
What are the prime factors of 9226?
2, 7, 659
List the prime factors of 31231.
31231
List the prime factors of 420.
2, 3, 5, 7
What are the prime factors of 27418?
2, 13709
List the prime factors of 2505.
3, 5, 167
What are the prime factors of 76720?
2, 5, 7, 137
List the prime factors of 54972.
2, 3, 509
What are the prime factors of 6721?
11, 13, 47
What are the prime factors of 49073?
31, 1583
What are the prime factors of 1041?
3, 347
List the prime factors of 10118.
2, 5059
What are the prime factors of 81?
3
List the prime factors of 1398.
2, 3, 233
List the prime factors of 57394.
2, 28697
List the prime factors of 71158.
2, 47, 757
What are the prime factors of 783?
3, 29
List the prime factors of 978.
2, 3, 163
What are the prime factors of 649?
11, 59
List the prime factors of 50462.
2, 23, 1097
What are the prime factors of 57556?
2, 14389
What are the prime factors of 4593?
3, 1531
List the prime factors of 1508.
2, 13, 29
What are the prime factors of 2435?
5, 487
List the prime factors of 4200.
2, 3, 5, 7
What are the prime factors of 4297?
4297
What are the prime factors of 1925?
5, 7, 11
What are the prime factors of 108314?
2, 31, 1747
List the prime factors of 2102.
2, 1051
What are the prime factors of 4755?
3, 5, 317
List the prime factors of 4321.
29, 149
List the prime factors of 9670.
2, 5, 967
List the prime factors of 5338.
2, 17, 157
What are the prime factors of 936?
2, 3, 13
List the prime factors of 60730.
2, 5, 6073
List the prime factors of 520.
2, 5, 13
What are the prime factors of 495?
3, 5, 11
What are the prime factors of 128?
2
What are the prime factors of 12127?
67, 181
List the prime factors of 1077.
3, 359
List the prime factors of 1291.
1291
What are the prime factors of 971?
971
What are the prime factors of 54379?
13, 47, 89
List the prime factors of 33217.
59, 563
What are the prime factors of 6782?
2, 3391
What are the prime factors of 8379?
3, 7, 19
What are the prime factors of 17849?
13, 1373
What are the prime factors of 13401?
3, 1489
What are the prime factors of 178?
2, 89
List the prime factors of 794.
2, 397
List the prime factors of 21935.
5, 41, 107
List the prime factors of 307.
307
What are the prime factors of 132?
2, 3, 11
List the prime factors of 7921.
89
What are the prime factors of 6870?
2, 3, 5, 229
What are the prime factors of 92368?
2, 23, 251
What are the prime factors of 6753?
3, 2251
What are the prime factors of 1435?
5, 7, 41
List the prime factors of 59620.
2, 5, 11, 271
What are the prime factors of 10295?
5, 29, 71
List the prime factors of 13185.
3, 5, 293
List the prime factors of 2845.
5, 569
What are the prime factors of 1005?
3, 5, 67
List the prime factors of 359.
359
List the prime factors of 79649.
23, 3463
What are the prime factors of 8751?
3, 2917
List the prime factors of 2078.
2, 1039
What are the prime factors of 71557?
163, 439
List the prime factors of 13975.
5, 13, 43
What are the prime factors of 5997?
3, 1999
List the prime factors of 749.
7, 107
What are the prime factors of 2379?
3, 13, 61
What are the prime factors of 1157?
13, 89
What are the prime factors of 2426?
2, 1213
List the prime factors of 243.
3
What are the prime factors of 17034?
2, 3, 17, 167
What are the prime factors of 1075?
5, 43
What are the prime factors of 12731?
29, 439
List the prime factors of 30733.
73, 421
What are the prime factors of 8249?
73, 113
What are the prime factors of 62973?
3, 6997
List the prime factors of 82843.
37, 2239
List the prime factors of 707.
7, 101
List the prime factors of 1890.
2, 3, 5, 7
What are the prime factors of 8248?
2, 1031
What are the prime factors of 9102?
2, 3, 37, 41
List the prime factors of 3583.
3583
What are the prime factors of 1226?
2, 613
What are the prime factors of 1295?
5, 7, 37
What are the prime factors of 6161?
61, 101
List the prime factors of 8457.
3, 2819
What are the prime factors of 15987?
3, 73
List the prime factors of 12876.
2, 3, 29, 37
List the prime factors